{"id":615,"date":"2024-03-14T12:11:09","date_gmt":"2024-03-14T11:11:09","guid":{"rendered":"https:\/\/herbalkincsei.hu\/?post_type=product&#038;p=615"},"modified":"2025-12-07T18:26:17","modified_gmt":"2025-12-07T17:26:17","slug":"import-placeholder-for-844","status":"publish","type":"product","link":"https:\/\/herbalkincsei.hu\/index.php\/termek\/import-placeholder-for-844\/","title":{"rendered":"Szemvitamin kapszula n\u00f6v\u00e9nyi hat\u00f3anyagokkal 60 db"},"content":{"rendered":"<h2><strong><span class=\"bluetxt\">Vision MAX\u00a0 &#8211; a szem eg\u00e9szs\u00e9g\u00e9\u00e9rt \u00e9s a norm\u00e1l l\u00e1t\u00e1s\u00e9rt!<\/span><\/strong><\/h2>\n<p>Az USA medical Vision MAX\u00a0 k\u00e9sz\u00edtm\u00e9ny\u00fcnk vitaminok, \u00e1sv\u00e1nyi anyagok \u00e9s n\u00f6v\u00e9nyi kivonatok, valamint lutein, rutin, zeaxanthin, kvercetin \u00e9s m\u00e9g sz\u00e1mos er\u0151teljes hat\u00f3anyag kombin\u00e1ci\u00f3j\u00e1val t\u00e1mogatja a szem eg\u00e9szs\u00e9g\u00e9t \u00e9s a norm\u00e1l l\u00e1t\u00e1st!<\/p>\n<p><strong>Szem\u00fcnk \u00e9s l\u00e1t\u00e1sunk v\u00e9delme \u00e9s t\u00e1mogat\u00e1sa kiemelt figyelmet \u00e9rdemel,<\/strong>\u00a0ugyanis eg\u00e9sz \u00e9let\u00fcnkben nagyban meghat\u00e1rozza az \u00e9letmin\u0151s\u00e9g\u00fcnket \u00e9s azt, hogy hogyan \u00e9rz\u00e9kelj\u00fck a k\u00f6r\u00fcl\u00f6tt\u00fcnk l\u00e9v\u0151 vil\u00e1got. A szemek \u00e9s l\u00e1t\u00e1s t\u00e1mogat\u00e1s\u00e1ra alkotta meg az\u00a0<strong>USA Medical a Vision MAX \u2013 Eye Formula kapszul\u00e1j\u00e1t,<\/strong>\u00a0ami 60 db-os kiszerel\u00e9ssel 1 havi adagot tartalmaz feln\u0151ttek sz\u00e1m\u00e1ra.<\/p>\n<h4><b>Cink \u00e9s B-vitaminok a l\u00e1t\u00e1s eg\u00e9szs\u00e9g\u00e9nek t\u00e1mogat\u00e1s\u00e1\u00e9rt<\/b><\/h4>\n<p>A\u00a0<strong>B2-vitamin<\/strong>\u00a0(riboflavin), a\u00a0<strong>B7-vitami<\/strong>n (biotin) , valamint a\u00a0<strong>cink<\/strong>\u00a0hozz\u00e1j\u00e1rulnak a norm\u00e1l l\u00e1t\u00e1s fenntart\u00e1s\u00e1hoz, ezenfel\u00fcl a cink r\u00e9szt vesz az A-vitamin megfelel\u0151 anyagcser\u00e9j\u00e9ben, ami a fentieken k\u00edv\u00fcl t\u00e1mogatja a l\u00e1t\u00e1s eg\u00e9szs\u00e9g\u00e9t.<\/p>\n<p>Az USA Medical Vision MAX \u2013 Eye Formula-ban megtal\u00e1lhat\u00f3 B-vitaminok (B1, B2, B3, B12) j\u00f3t\u00e9kony hat\u00e1st fejtenek ki a ny\u00e1lkah\u00e1rty\u00e1ra, t\u00e1mogatj\u00e1k a sejtek oxidat\u00edv stresszel szembeni v\u00e9delm\u00e9t. Ezen fel\u00fcl a B12-vitamin cs\u00f6kkenti szervezet\u00fcnkben a homocisztein nev\u0171 aminosav mennyis\u00e9g\u00e9t. Ez az\u00e9rt l\u00e9nyeges, mert a magas homocisztein-szint k\u00e1ros\u00edthatja az \u00e9rfalat, v\u00e9rr\u00f6g\u00f6ket okozhat, \u00e9s hozz\u00e1j\u00e1rulhat az id\u0151skori vaks\u00e1gba torkoll\u00f3 AMD (makula degener\u00e1ci\u00f3) nev\u0171 betegs\u00e9g kialakul\u00e1s\u00e1hoz.<\/p>\n<p>A\u00a0<strong>B1-vitamin<\/strong>, azaz a tiamin cs\u00f6kkentheti a sz\u00fcrkeh\u00e1lyog kialakul\u00e1s\u00e1nak es\u00e9ly\u00e9t, valamint cs\u00f6kkenti az albumin nev\u0171 feh\u00e9rje jelenl\u00e9t\u00e9t a vizeletben, ami az egyik prekurzora a II. t\u00edpus\u00fa cukorbetegs\u00e9ggel j\u00e1r\u00f3 retinop\u00e1ti\u00e1nak (szem l\u00e1t\u00f3h\u00e1rty\u00e1j\u00e1nak betegs\u00e9ge).<\/p>\n<p>Ezen fel\u00fcl a\u00a0<strong>B2-vitaminr\u00f3l<\/strong>, a riboflavinr\u00f3l azt \u00e9rdemes tudni, hogy cs\u00f6kkenti a szemrendelleness\u00e9gek kialakul\u00e1s\u00e1nak es\u00e9ly\u00e9t, mint p\u00e9ld\u00e1ul a sz\u00fcrkeh\u00e1lyog.<\/p>\n<p>A\u00a0<strong>B3-vitamin<\/strong>, azaz a niacin r\u00e9szt vesz a norm\u00e1l energiatermel\u0151 anyagcsere-folyamatokban \u00e9s hozz\u00e1j\u00e1rul a ny\u00e1lkah\u00e1rty\u00e1k norm\u00e1l \u00e1llapot\u00e1nak fenntart\u00e1s\u00e1hoz. Kutat\u00e1sok al\u00e1t\u00e1masztott\u00e1k, hogy a niacin megel\u0151zi a l\u00e1t\u00f3idegek s\u00e9r\u00fcl\u00e9s\u00e9vel j\u00e1r\u00f3 glauk\u00f3ma (z\u00f6ldh\u00e1lyog) kialakul\u00e1s\u00e1t.<\/p>\n<p>Tov\u00e1bb\u00e1 a\u00a0<strong>cink:<\/strong><\/p>\n<ul>\n<li>r\u00e9szt vesz a norm\u00e1l sav-b\u00e1zis egyens\u00faly fenntart\u00e1s\u00e1ban.<\/li>\n<li>r\u00e9szt vesz a norm\u00e1l sz\u00e9nhidr\u00e1t-anyagcser\u00e9ben.<\/li>\n<li>hozz\u00e1j\u00e1rul a norm\u00e1l szellemi m\u0171k\u00f6d\u00e9s fenntart\u00e1s\u00e1hoz.<\/li>\n<li>hozz\u00e1j\u00e1rul a norm\u00e1l DNS- szint\u00e9zishez.<\/li>\n<li>szerepet j\u00e1tszik a norm\u00e1l term\u00e9kenys\u00e9g \u00e9s szaporod\u00e1s fenntart\u00e1s\u00e1ban.<\/li>\n<li>r\u00e9szt vesz a makrot\u00e1panyagok norm\u00e1l anyagcser\u00e9j\u00e9ben.<\/li>\n<li>r\u00e9szt vesz a zs\u00edrsavak norm\u00e1l anyagcser\u00e9j\u00e9ben.<\/li>\n<li>r\u00e9szt vesz az A-vitamin norm\u00e1l anyagcser\u00e9j\u00e9ben.<\/li>\n<li>szerepet j\u00e1tszik a norm\u00e1l feh\u00e9rjeszint\u00e9zisben.<\/li>\n<li>hozz\u00e1j\u00e1rul a norm\u00e1l l\u00e1t\u00e1s fenntart\u00e1s\u00e1hoz.<\/li>\n<li>hozz\u00e1j\u00e1rul az immunrendszer norm\u00e1l m\u0171k\u00f6d\u00e9s\u00e9hez.<\/li>\n<li>hozz\u00e1j\u00e1rul a sejtek oxidat\u00edv stresszel szembeni v\u00e9delm\u00e9hez.<\/li>\n<\/ul>\n<h4><b>A lutein \u00e9s a zeaxantin<\/b><\/h4>\n<p>Ezek olyan term\u00e9szetes\u00a0<strong>karotionid<\/strong>\u00a0t\u00edpus\u00fa vegy\u00fcletek, amelyeket a z\u00f6ld leveles sal\u00e1t\u00e1k, a s\u00e1rga gy\u00fcm\u00f6lcs\u00f6k \u00e9s a f\u0151tt spen\u00f3t tartalmaz. A\u00a0<strong>lutein<\/strong>\u00a0a retina \u00e9s a szemlencse egyik fontos \u00f6sszetev\u0151je, ez\u00e9rt fontos odafigyeln\u00fcnk a megfelel\u0151 bevitelre. Kisz\u0171rheti a k\u00e1rosod\u00e1st okoz\u00f3 f\u00e9nysugarakat, megel\u0151zheti a makuladegener\u00e1ci\u00f3ra jellemz\u0151 hom\u00e1lyos l\u00e1t\u00e1st, \u00e9s azoknak is t\u00e1mogat\u00e1st ny\u00fajthat, akik sokat \u00fclnek a monitor el\u0151tt.<\/p>\n<p>A\u00a0<strong>zeaxantin<\/strong>\u00a0biztos\u00edtja a pigment\u00e1ci\u00f3t a szemben. Egyes felm\u00e9r\u00e9sek szerint min\u00e9l t\u00f6bb pigement tal\u00e1lhat\u00f3 a szemben, ann\u00e1l alacsonyabb az es\u00e9lye az \u00f6reged\u00e9ssel j\u00e1r\u00f3 l\u00e1t\u00e1szavarnak.<\/p>\n<p>\u00c9rdemes tudni, hogy a lutein \u00e9s a zeaxantin egy\u00fctt m\u00e9g hat\u00e1sosabbak, mint k\u00fcl\u00f6n-k\u00fcl\u00f6n, hiszen kieg\u00e9sz\u00edtik egym\u00e1st a l\u00e1t\u00e1s \u00e9s a szemek eg\u00e9szs\u00e9g\u00e9nek t\u00e1mogat\u00e1s\u00e1ban.<\/p>\n<p>Alg\u00e1b\u00f3l sz\u00e1rmaz\u00f3 <strong>DHA<\/strong>\u00a0is er\u0151s\u00edti az \u00f6sszetev\u0151k hat\u00e1s\u00e1t!<\/p>\n<h4><b>N\u00f6v\u00e9nyi kivonatok az USA Medical Vision MAX-ban<\/b><\/h4>\n<p>Ezek mellett az USA Medical Vision MAX \u2013 Eye Formula-ban helyet kapott a ginkgo biloba lev\u00e9l kivonat, a szemvid\u00edt\u00f3f\u0171 kivonat, a sz\u00e1zlevel\u0171 r\u00f3zsa kivonat, valamint a rutin is \u00e9s kvercetin<\/p>\n<p>A\u00a0<strong>szemvid\u00edt\u00f3f\u00fcvet<\/strong>\u00a0m\u00e1r \u00e9vtizedek \u00f3ta alkalmazz\u00e1k a term\u00e9szetgy\u00f3gy\u00e1szatban a szemf\u00e1radts\u00e1g, t\u00faler\u0151ltet\u00e9s, sz\u00e1razs\u00e1g, f\u00e9ny\u00e9rz\u00e9kenys\u00e9g, k\u00f6t\u0151h\u00e1rtya-gyullad\u00e1s,\u00a0 \u00e9s \u00e1rpa csillap\u00edt\u00e1s\u00e1ra. Ezen fel\u00fcl a benne tal\u00e1lhat\u00f3 C-vitamin \u00e9s A-vitamin tov\u00e1bb jav\u00edtja a szemre tett pozit\u00edv hat\u00e1st.<\/p>\n<p>A\u00a0<strong>ginkgo biloba lev\u00e9l kivonat\u00a0<\/strong>el\u0151seg\u00edtheti a perif\u00e9ri\u00e1s kering\u00e9st, ami k\u00fcl\u00f6n\u00f6sen hasznos a szem sz\u00e1m\u00e1ra.<\/p>\n<p>A\u00a0<strong>sz\u00e1zlevel\u0171 r\u00f3zsa kivonat<\/strong>\u00a0f\u0151 fito-\u00f6sszetev\u0151i a terpenoidok, glikozidok, flavonoidok, tanninok\u00a0, fenolos vegy\u00fcletek, pro-antroocianidok, pektin \u00e9s\u00a0riboflavin. T\u00e1mogathatja a szem eg\u00e9szs\u00e9g\u00e9t.<\/p>\n<p>A\u00a0<strong>vir\u00e1gporban<\/strong>\u00a0term\u00e9szetesen megtal\u00e1lhat\u00f3 rutin er\u0151s\u00edti az erek fal\u00e1t, ez\u00e9rt kedvez\u0151en hathat az \u00e9rrendszerre, r\u00e1ad\u00e1sul antioxind\u00e1ns tulajdons\u00e1ga miatt j\u00f3t\u00e9kony hat\u00e1ssal lehet a kering\u00e9sre is.<\/p>\n<p>Forr\u00e1sok:<\/p>\n<ul>\n<li>https:\/\/pubmed.ncbi.nlm.nih.gov\/19057893\/<\/li>\n<li>https:\/\/www.ncbi.nlm.nih.gov\/pmc\/articles\/PMC8709149\/<\/li>\n<li>https:\/\/www.ncbi.nlm.nih.gov\/pmc\/articles\/PMC5290695\/<\/li>\n<li>https:\/\/www.sciencedirect.com\/science\/article\/pii\/S0975947621001522<\/li>\n<\/ul>\n<p>&nbsp;<\/p>\n<p><strong>Fontos megjegyz\u00e9s:<\/strong> Az oldalon tal\u00e1lhat\u00f3 inform\u00e1ci\u00f3k \u00e9s \u00e1ll\u00edt\u00e1sok csup\u00e1n \u00e1ltal\u00e1nos t\u00e1j\u00e9koztat\u00e1sul szolg\u00e1lnak a term\u00e9keink \u00f6sszetev\u0151ivel kapcsolatban. Az USA Medical term\u00e9kei nem min\u0151s\u00fclnek gy\u00f3gyszernek, \u00e9s az inform\u00e1ci\u00f3k nem helyettes\u00edtik az orvosi tan\u00e1csad\u00e1st vagy kezel\u00e9st. A k\u00f6z\u00f6lt \u00e1ll\u00edt\u00e1sok nem a konkr\u00e9t term\u00e9kre vonatkoznak, hanem a tudom\u00e1nyos \u00e9s szakirodalmi forr\u00e1sokban tal\u00e1lhat\u00f3 ismereteket \u00f6sszegzik. Az inform\u00e1ci\u00f3k nem \u00e9rtelmezhet\u0151k szem\u00e9lyre szabott eg\u00e9szs\u00e9g\u00fcgyi javaslatk\u00e9nt, \u00e9s nem szolg\u00e1lnak konkr\u00e9t t\u00fcnetek kezel\u00e9s\u00e9re vonatkoz\u00f3 tan\u00e1csk\u00e9nt. B\u00e1rmilyen eg\u00e9szs\u00e9gi probl\u00e9m\u00e1val kapcsolatban k\u00e9rj\u00fck, forduljon szakorvoshoz vagy gy\u00f3gyszer\u00e9szhez!<\/p>\n","protected":false},"excerpt":{"rendered":"<div id=\"product_desc\" class=\"elementor-element elementor-element-dca84d2 elementor-widget elementor-widget-woocommerce-product-short-description\" data-id=\"dca84d2\" data-element_type=\"widget\" data-widget_type=\"woocommerce-product-short-description.default\">\n<div class=\"elementor-widget-container\">\n<div class=\"woocommerce-product-details__short-description\">\n<p>A szem eg\u00e9szs\u00e9g\u00e9nek t\u00e1mogat\u00e1s\u00e1\u00e9rt extra luteinnel!<br \/>\nA kapszul\u00e1kat a szem eg\u00e9szs\u00e9g\u00e9t t\u00e1mogat\u00f3 vitaminokkal \u00e9s \u00e1sv\u00e1nyi anyagokkal, valamint egyedi n\u00f6v\u00e9nyi kivonatok \u00e9s er\u0151teljes hat\u00f3anyagok kever\u00e9k\u00e9vel t\u00f6lt\u00f6tt\u00fck meg, hogy term\u00e9szetes m\u00f3don t\u00e1mogathasd a l\u00e1t\u00e1sodat!<\/p>\n<p><strong>\u00c9trend-kieg\u00e9sz\u00edt\u0151 kapszula<br \/>\nOGY\u00c9I Notifik\u00e1ci\u00f3s\u00a0 sz\u00e1m:<\/strong>\u00a037545\/2025<br \/>\n<strong>Kiszerel\u00e9s:<\/strong>\u00a060 db<br \/>\n<strong>Sz\u00e1rmaz\u00e1si orsz\u00e1g:<\/strong>\u00a0EU<br \/>\n<strong>Glut\u00e9n mentes!<\/strong><\/p>\n<\/div>\n<\/div>\n<\/div>\n<div class=\"elementor-element elementor-element-9362874 elementor-icon-list--layout-traditional elementor-list-item-link-full_width elementor-widget elementor-widget-icon-list\" data-id=\"9362874\" data-element_type=\"widget\" data-widget_type=\"icon-list.default\">\n<div class=\"elementor-widget-container\">\n<ul class=\"elementor-icon-list-items\">\n<li class=\"elementor-icon-list-item\"><span class=\"elementor-icon-list-text\">Magyar-amerikai fejleszt\u00e9s<\/span><\/li>\n<li class=\"elementor-icon-list-item\"><span class=\"elementor-icon-list-text\">GMP \u00e9s HACCP szabv\u00e1ny szerint gy\u00e1rtva<\/span><\/li>\n<li class=\"elementor-icon-list-item\"><span class=\"elementor-icon-list-text\">Val\u00f3s magyarorsz\u00e1gi rakt\u00e1rk\u00e9szletr\u0151l<\/span><\/li>\n<\/ul>\n<p><img decoding=\"async\" class=\"alignnone size-full wp-image-826\" src=\"https:\/\/herbalkincsei.hu\/wp-content\/uploads\/2024\/03\/hand-holding-heart-solid.svg\" alt=\"\" \/>\u00a0 Term\u00e9keink gondosan v\u00e1logatott alapanyagokb\u00f3l k\u00e9sz\u00fclnek.<\/p>\n<p><img decoding=\"async\" class=\"alignnone size-full wp-image-825\" src=\"https:\/\/herbalkincsei.hu\/wp-content\/uploads\/2024\/03\/star-solid.svg\" alt=\"\" \/>\u00a0 \u00a0A term\u00e9kekre hazai garanci\u00e1t \u00e9s term\u00e9k szolg\u00e1ltat\u00e1st biztos\u00edtunk.<\/p>\n<p><img decoding=\"async\" class=\"alignnone size-full wp-image-823\" src=\"https:\/\/herbalkincsei.hu\/wp-content\/uploads\/2024\/03\/user-lock-solid.svg\" alt=\"\" \/>\u00a0Biztons\u00e1gos v\u00e9dett fizet\u00e9s.<\/p>\n<p><img decoding=\"async\" class=\"alignnone size-full wp-image-824\" src=\"https:\/\/herbalkincsei.hu\/wp-content\/uploads\/2024\/03\/truck-fast-solid.svg\" alt=\"\" \/>\u00a0Gyors kiszolg\u00e1l\u00e1s<\/p>\n<\/div>\n<\/div>\n","protected":false},"featured_media":665,"comment_status":"closed","ping_status":"closed","template":"","meta":[],"product_brand":[223],"product_cat":[172,19,186,189,171,173],"product_tag":[],"class_list":{"0":"post-615","1":"product","2":"type-product","3":"status-publish","4":"has-post-thumbnail","6":"product_brand-usamedical","7":"product_cat-etrend-kiegeszitok","8":"product_cat-minden-termek","9":"product_cat-novenyi-kivonatok","10":"product_cat-szem-es-latas","11":"product_cat-usamedical","12":"product_cat-vitaminok-es-asvanyi-anyagok-etrend-kiegeszitok","13":"product_shipping_class-hu","15":"first","16":"instock","17":"purchasable","18":"product-type-simple","19":"add-to-wishlist-before_image","20":"customify-col","21":"product-has-gallery"},"yoast_head":"<!-- This site is optimized with the Yoast SEO plugin v27.4 - https:\/\/yoast.com\/product\/yoast-seo-wordpress\/ -->\n<title>Szemvitamin kapszula n\u00f6v\u00e9nyi hat\u00f3anyagokkal 60 db - Herb\u00e1lkincsei<\/title>\n<meta name=\"description\" content=\"Vision MAX\u00a0 - a szem eg\u00e9szs\u00e9g\u00e9\u00e9rt \u00e9s a norm\u00e1l l\u00e1t\u00e1s\u00e9rt!\" \/>\n<meta name=\"robots\" content=\"index, follow, max-snippet:-1, max-image-preview:large, max-video-preview:-1\" \/>\n<link rel=\"canonical\" href=\"https:\/\/herbalkincsei.hu\/index.php\/termek\/import-placeholder-for-844\/\" \/>\n<meta property=\"og:locale\" content=\"hu_HU\" \/>\n<meta property=\"og:type\" content=\"article\" \/>\n<meta property=\"og:title\" content=\"Szemvitamin kapszula n\u00f6v\u00e9nyi hat\u00f3anyagokkal 60 db - Herb\u00e1lkincsei\" \/>\n<meta property=\"og:description\" content=\"Vision MAX\u00a0 - a szem eg\u00e9szs\u00e9g\u00e9\u00e9rt \u00e9s a norm\u00e1l l\u00e1t\u00e1s\u00e9rt!\" \/>\n<meta property=\"og:url\" content=\"https:\/\/herbalkincsei.hu\/index.php\/termek\/import-placeholder-for-844\/\" \/>\n<meta property=\"og:site_name\" content=\"Herb\u00e1lkincsei\" \/>\n<meta property=\"article:modified_time\" content=\"2025-12-07T17:26:17+00:00\" \/>\n<meta property=\"og:image\" content=\"https:\/\/herbalkincsei.hu\/wp-content\/uploads\/2024\/03\/2023_800x960_95_dpi_weboptimalizalt_usamedical_termekfotok_kedvezmenyes_termekek_141.jpg?wsr\" \/>\n\t<meta property=\"og:image:width\" content=\"800\" \/>\n\t<meta property=\"og:image:height\" content=\"960\" \/>\n\t<meta property=\"og:image:type\" content=\"image\/jpeg\" \/>\n<meta name=\"twitter:card\" content=\"summary_large_image\" \/>\n<meta name=\"twitter:label1\" content=\"Becs\u00fclt olvas\u00e1si id\u0151\" \/>\n\t<meta name=\"twitter:data1\" content=\"4 perc\" \/>\n<script type=\"application\/ld+json\" class=\"yoast-schema-graph\">{\"@context\":\"https:\\\/\\\/schema.org\",\"@graph\":[{\"@type\":\"WebPage\",\"@id\":\"https:\\\/\\\/herbalkincsei.hu\\\/index.php\\\/termek\\\/import-placeholder-for-844\\\/\",\"url\":\"https:\\\/\\\/herbalkincsei.hu\\\/index.php\\\/termek\\\/import-placeholder-for-844\\\/\",\"name\":\"Szemvitamin kapszula n\u00f6v\u00e9nyi hat\u00f3anyagokkal 60 db - Herb\u00e1lkincsei\",\"isPartOf\":{\"@id\":\"https:\\\/\\\/herbalkincsei.hu\\\/#website\"},\"primaryImageOfPage\":{\"@id\":\"https:\\\/\\\/herbalkincsei.hu\\\/index.php\\\/termek\\\/import-placeholder-for-844\\\/#primaryimage\"},\"image\":{\"@id\":\"https:\\\/\\\/herbalkincsei.hu\\\/index.php\\\/termek\\\/import-placeholder-for-844\\\/#primaryimage\"},\"thumbnailUrl\":\"https:\\\/\\\/herbalkincsei.hu\\\/wp-content\\\/uploads\\\/2024\\\/03\\\/2023_800x960_95_dpi_weboptimalizalt_usamedical_termekfotok_kedvezmenyes_termekek_141.jpg?wsr\",\"datePublished\":\"2024-03-14T11:11:09+00:00\",\"dateModified\":\"2025-12-07T17:26:17+00:00\",\"description\":\"Vision MAX\u00a0 - a szem eg\u00e9szs\u00e9g\u00e9\u00e9rt \u00e9s a norm\u00e1l l\u00e1t\u00e1s\u00e9rt!\",\"breadcrumb\":{\"@id\":\"https:\\\/\\\/herbalkincsei.hu\\\/index.php\\\/termek\\\/import-placeholder-for-844\\\/#breadcrumb\"},\"inLanguage\":\"hu\",\"potentialAction\":[{\"@type\":\"ReadAction\",\"target\":[\"https:\\\/\\\/herbalkincsei.hu\\\/index.php\\\/termek\\\/import-placeholder-for-844\\\/\"]}]},{\"@type\":\"ImageObject\",\"inLanguage\":\"hu\",\"@id\":\"https:\\\/\\\/herbalkincsei.hu\\\/index.php\\\/termek\\\/import-placeholder-for-844\\\/#primaryimage\",\"url\":\"https:\\\/\\\/herbalkincsei.hu\\\/wp-content\\\/uploads\\\/2024\\\/03\\\/2023_800x960_95_dpi_weboptimalizalt_usamedical_termekfotok_kedvezmenyes_termekek_141.jpg?wsr\",\"contentUrl\":\"https:\\\/\\\/herbalkincsei.hu\\\/wp-content\\\/uploads\\\/2024\\\/03\\\/2023_800x960_95_dpi_weboptimalizalt_usamedical_termekfotok_kedvezmenyes_termekek_141.jpg?wsr\",\"width\":800,\"height\":960},{\"@type\":\"BreadcrumbList\",\"@id\":\"https:\\\/\\\/herbalkincsei.hu\\\/index.php\\\/termek\\\/import-placeholder-for-844\\\/#breadcrumb\",\"itemListElement\":[{\"@type\":\"ListItem\",\"position\":1,\"name\":\"Kezd\u0151lap\",\"item\":\"https:\\\/\\\/herbalkincsei.hu\\\/\"},{\"@type\":\"ListItem\",\"position\":2,\"name\":\"\u00dczlet\",\"item\":\"https:\\\/\\\/herbalkincsei.hu\\\/index.php\\\/uzlet\\\/\"},{\"@type\":\"ListItem\",\"position\":3,\"name\":\"Szemvitamin kapszula n\u00f6v\u00e9nyi hat\u00f3anyagokkal 60 db\"}]},{\"@type\":\"WebSite\",\"@id\":\"https:\\\/\\\/herbalkincsei.hu\\\/#website\",\"url\":\"https:\\\/\\\/herbalkincsei.hu\\\/\",\"name\":\"herbalkincsei.hu\",\"description\":\"Ahol az eg\u00e9szs\u00e9g a c\u00e9l.\",\"publisher\":{\"@id\":\"https:\\\/\\\/herbalkincsei.hu\\\/#organization\"},\"potentialAction\":[{\"@type\":\"SearchAction\",\"target\":{\"@type\":\"EntryPoint\",\"urlTemplate\":\"https:\\\/\\\/herbalkincsei.hu\\\/?s={search_term_string}\"},\"query-input\":{\"@type\":\"PropertyValueSpecification\",\"valueRequired\":true,\"valueName\":\"search_term_string\"}}],\"inLanguage\":\"hu\"},{\"@type\":\"Organization\",\"@id\":\"https:\\\/\\\/herbalkincsei.hu\\\/#organization\",\"name\":\"Herb\u00e1lkincsei\",\"url\":\"https:\\\/\\\/herbalkincsei.hu\\\/\",\"logo\":{\"@type\":\"ImageObject\",\"inLanguage\":\"hu\",\"@id\":\"https:\\\/\\\/herbalkincsei.hu\\\/#\\\/schema\\\/logo\\\/image\\\/\",\"url\":\"https:\\\/\\\/herbalkincsei.hu\\\/wp-content\\\/uploads\\\/2024\\\/02\\\/cropped-Green-Leaf-Aromatherapy-Logo-400-\u00d7-135-keppont.png?wsr\",\"contentUrl\":\"https:\\\/\\\/herbalkincsei.hu\\\/wp-content\\\/uploads\\\/2024\\\/02\\\/cropped-Green-Leaf-Aromatherapy-Logo-400-\u00d7-135-keppont.png?wsr\",\"width\":400,\"height\":135,\"caption\":\"Herb\u00e1lkincsei\"},\"image\":{\"@id\":\"https:\\\/\\\/herbalkincsei.hu\\\/#\\\/schema\\\/logo\\\/image\\\/\"}}]}<\/script>\n<!-- \/ Yoast SEO plugin. -->","yoast_head_json":{"title":"Szemvitamin kapszula n\u00f6v\u00e9nyi hat\u00f3anyagokkal 60 db - Herb\u00e1lkincsei","description":"Vision MAX\u00a0 - a szem eg\u00e9szs\u00e9g\u00e9\u00e9rt \u00e9s a norm\u00e1l l\u00e1t\u00e1s\u00e9rt!","robots":{"index":"index","follow":"follow","max-snippet":"max-snippet:-1","max-image-preview":"max-image-preview:large","max-video-preview":"max-video-preview:-1"},"canonical":"https:\/\/herbalkincsei.hu\/index.php\/termek\/import-placeholder-for-844\/","og_locale":"hu_HU","og_type":"article","og_title":"Szemvitamin kapszula n\u00f6v\u00e9nyi hat\u00f3anyagokkal 60 db - Herb\u00e1lkincsei","og_description":"Vision MAX\u00a0 - a szem eg\u00e9szs\u00e9g\u00e9\u00e9rt \u00e9s a norm\u00e1l l\u00e1t\u00e1s\u00e9rt!","og_url":"https:\/\/herbalkincsei.hu\/index.php\/termek\/import-placeholder-for-844\/","og_site_name":"Herb\u00e1lkincsei","article_modified_time":"2025-12-07T17:26:17+00:00","og_image":[{"width":800,"height":960,"url":"https:\/\/herbalkincsei.hu\/wp-content\/uploads\/2024\/03\/2023_800x960_95_dpi_weboptimalizalt_usamedical_termekfotok_kedvezmenyes_termekek_141.jpg?wsr","type":"image\/jpeg"}],"twitter_card":"summary_large_image","twitter_misc":{"Becs\u00fclt olvas\u00e1si id\u0151":"4 perc"},"schema":{"@context":"https:\/\/schema.org","@graph":[{"@type":"WebPage","@id":"https:\/\/herbalkincsei.hu\/index.php\/termek\/import-placeholder-for-844\/","url":"https:\/\/herbalkincsei.hu\/index.php\/termek\/import-placeholder-for-844\/","name":"Szemvitamin kapszula n\u00f6v\u00e9nyi hat\u00f3anyagokkal 60 db - Herb\u00e1lkincsei","isPartOf":{"@id":"https:\/\/herbalkincsei.hu\/#website"},"primaryImageOfPage":{"@id":"https:\/\/herbalkincsei.hu\/index.php\/termek\/import-placeholder-for-844\/#primaryimage"},"image":{"@id":"https:\/\/herbalkincsei.hu\/index.php\/termek\/import-placeholder-for-844\/#primaryimage"},"thumbnailUrl":"https:\/\/herbalkincsei.hu\/wp-content\/uploads\/2024\/03\/2023_800x960_95_dpi_weboptimalizalt_usamedical_termekfotok_kedvezmenyes_termekek_141.jpg?wsr","datePublished":"2024-03-14T11:11:09+00:00","dateModified":"2025-12-07T17:26:17+00:00","description":"Vision MAX\u00a0 - a szem eg\u00e9szs\u00e9g\u00e9\u00e9rt \u00e9s a norm\u00e1l l\u00e1t\u00e1s\u00e9rt!","breadcrumb":{"@id":"https:\/\/herbalkincsei.hu\/index.php\/termek\/import-placeholder-for-844\/#breadcrumb"},"inLanguage":"hu","potentialAction":[{"@type":"ReadAction","target":["https:\/\/herbalkincsei.hu\/index.php\/termek\/import-placeholder-for-844\/"]}]},{"@type":"ImageObject","inLanguage":"hu","@id":"https:\/\/herbalkincsei.hu\/index.php\/termek\/import-placeholder-for-844\/#primaryimage","url":"https:\/\/herbalkincsei.hu\/wp-content\/uploads\/2024\/03\/2023_800x960_95_dpi_weboptimalizalt_usamedical_termekfotok_kedvezmenyes_termekek_141.jpg?wsr","contentUrl":"https:\/\/herbalkincsei.hu\/wp-content\/uploads\/2024\/03\/2023_800x960_95_dpi_weboptimalizalt_usamedical_termekfotok_kedvezmenyes_termekek_141.jpg?wsr","width":800,"height":960},{"@type":"BreadcrumbList","@id":"https:\/\/herbalkincsei.hu\/index.php\/termek\/import-placeholder-for-844\/#breadcrumb","itemListElement":[{"@type":"ListItem","position":1,"name":"Kezd\u0151lap","item":"https:\/\/herbalkincsei.hu\/"},{"@type":"ListItem","position":2,"name":"\u00dczlet","item":"https:\/\/herbalkincsei.hu\/index.php\/uzlet\/"},{"@type":"ListItem","position":3,"name":"Szemvitamin kapszula n\u00f6v\u00e9nyi hat\u00f3anyagokkal 60 db"}]},{"@type":"WebSite","@id":"https:\/\/herbalkincsei.hu\/#website","url":"https:\/\/herbalkincsei.hu\/","name":"herbalkincsei.hu","description":"Ahol az eg\u00e9szs\u00e9g a c\u00e9l.","publisher":{"@id":"https:\/\/herbalkincsei.hu\/#organization"},"potentialAction":[{"@type":"SearchAction","target":{"@type":"EntryPoint","urlTemplate":"https:\/\/herbalkincsei.hu\/?s={search_term_string}"},"query-input":{"@type":"PropertyValueSpecification","valueRequired":true,"valueName":"search_term_string"}}],"inLanguage":"hu"},{"@type":"Organization","@id":"https:\/\/herbalkincsei.hu\/#organization","name":"Herb\u00e1lkincsei","url":"https:\/\/herbalkincsei.hu\/","logo":{"@type":"ImageObject","inLanguage":"hu","@id":"https:\/\/herbalkincsei.hu\/#\/schema\/logo\/image\/","url":"https:\/\/herbalkincsei.hu\/wp-content\/uploads\/2024\/02\/cropped-Green-Leaf-Aromatherapy-Logo-400-\u00d7-135-keppont.png?wsr","contentUrl":"https:\/\/herbalkincsei.hu\/wp-content\/uploads\/2024\/02\/cropped-Green-Leaf-Aromatherapy-Logo-400-\u00d7-135-keppont.png?wsr","width":400,"height":135,"caption":"Herb\u00e1lkincsei"},"image":{"@id":"https:\/\/herbalkincsei.hu\/#\/schema\/logo\/image\/"}}]}},"_links":{"self":[{"href":"https:\/\/herbalkincsei.hu\/index.php\/wp-json\/wp\/v2\/product\/615","targetHints":{"allow":["GET"]}}],"collection":[{"href":"https:\/\/herbalkincsei.hu\/index.php\/wp-json\/wp\/v2\/product"}],"about":[{"href":"https:\/\/herbalkincsei.hu\/index.php\/wp-json\/wp\/v2\/types\/product"}],"replies":[{"embeddable":true,"href":"https:\/\/herbalkincsei.hu\/index.php\/wp-json\/wp\/v2\/comments?post=615"}],"wp:featuredmedia":[{"embeddable":true,"href":"https:\/\/herbalkincsei.hu\/index.php\/wp-json\/wp\/v2\/media\/665"}],"wp:attachment":[{"href":"https:\/\/herbalkincsei.hu\/index.php\/wp-json\/wp\/v2\/media?parent=615"}],"wp:term":[{"taxonomy":"product_brand","embeddable":true,"href":"https:\/\/herbalkincsei.hu\/index.php\/wp-json\/wp\/v2\/product_brand?post=615"},{"taxonomy":"product_cat","embeddable":true,"href":"https:\/\/herbalkincsei.hu\/index.php\/wp-json\/wp\/v2\/product_cat?post=615"},{"taxonomy":"product_tag","embeddable":true,"href":"https:\/\/herbalkincsei.hu\/index.php\/wp-json\/wp\/v2\/product_tag?post=615"}],"curies":[{"name":"wp","href":"https:\/\/api.w.org\/{rel}","templated":true}]}}