{"id":1343,"date":"2025-03-31T13:13:00","date_gmt":"2025-03-31T12:13:00","guid":{"rendered":"https:\/\/herbalkincsei.hu\/?page_id=1343"},"modified":"2025-04-16T09:53:53","modified_gmt":"2025-04-16T08:53:53","slug":"szallitas","status":"publish","type":"page","link":"https:\/\/herbalkincsei.hu\/index.php\/szallitas\/","title":{"rendered":"Sz\u00e1ll\u00edt\u00e1s"},"content":{"rendered":"\n<h2 class=\"wp-block-heading has-black-color has-text-color has-link-color wp-elements-34362f2b7ef07f30a5d33b3f670c8506\"><span class=\"wp-rich-text-font-awesome-icon wp-font-awesome-icon\"><svg aria-hidden=\"true\" focusable=\"false\" data-prefix=\"fas\" data-icon=\"truck\" class=\"svg-inline--fa fa-truck \" role=\"img\" xmlns=\"http:\/\/www.w3.org\/2000\/svg\" viewBox=\"0 0 640 512\" color=\"#0693e3\"><path fill=\"currentColor\" d=\"M48 0C21.5 0 0 21.5 0 48L0 368c0 26.5 21.5 48 48 48l16 0c0 53 43 96 96 96s96-43 96-96l128 0c0 53 43 96 96 96s96-43 96-96l32 0c17.7 0 32-14.3 32-32s-14.3-32-32-32l0-64 0-32 0-18.7c0-17-6.7-33.3-18.7-45.3L512 114.7c-12-12-28.3-18.7-45.3-18.7L416 96l0-48c0-26.5-21.5-48-48-48L48 0zM416 160l50.7 0L544 237.3l0 18.7-128 0 0-96zM112 416a48 48 0 1 1 96 0 48 48 0 1 1 -96 0zm368-48a48 48 0 1 1 0 96 48 48 0 1 1 0-96z\"><\/path><\/svg><\/span> <strong>H\u00e1zhoz sz\u00e1ll\u00edt\u00e1s<\/strong><\/h2>\n\n\n\n<div class=\"wp-block-media-text is-stacked-on-mobile\" style=\"grid-template-columns:15% auto\"><figure class=\"wp-block-media-text__media\"><img loading=\"lazy\" decoding=\"async\" width=\"600\" height=\"600\" src=\"https:\/\/herbalkincsei.hu\/wp-content\/uploads\/2025\/03\/foxpost_logo_red.png\" alt=\"\" class=\"wp-image-1347 size-full\" srcset=\"https:\/\/herbalkincsei.hu\/wp-content\/uploads\/2025\/03\/foxpost_logo_red.png 600w, https:\/\/herbalkincsei.hu\/wp-content\/uploads\/2025\/03\/foxpost_logo_red-60x60.png 60w, https:\/\/herbalkincsei.hu\/wp-content\/uploads\/2025\/03\/foxpost_logo_red-300x300.png 300w, https:\/\/herbalkincsei.hu\/wp-content\/uploads\/2025\/03\/foxpost_logo_red-100x100.png 100w, https:\/\/herbalkincsei.hu\/wp-content\/uploads\/2025\/03\/foxpost_logo_red-150x150.png 150w\" sizes=\"auto, (max-width: 600px) 100vw, 600px\" \/><\/figure><div class=\"wp-block-media-text__content\">\n<details class=\"wp-block-details has-black-color has-text-color has-link-color wp-elements-8e41e77a1311a9c256f8bea726200215 is-layout-flow wp-block-details-is-layout-flow\"><summary>Foxpost fut\u00e1r h\u00e1zhozsz\u00e1ll\u00edt\u00e1s:<\/summary>\n<figure class=\"wp-block-table\"><table class=\"has-black-color has-text-color has-link-color\"><thead><tr><th><strong>T\u00edpus<\/strong><\/th><th><strong>Maxi\u00adm\u00e1lis csomag\u00adm\u00e9ret<\/strong><\/th><th><strong>Maxi\u00adm\u00e1lis s\u00faly<\/strong><\/th><th><strong>Nett\u00f3 \u00e1r<\/strong> <strong>\/ Brutt\u00f3 \u00e1r<\/strong><\/th><\/tr><\/thead><tbody><tr><td><strong>XS<\/strong><\/td><td>4.5 cm x 36 cm x 53 cm (hu001-hu300 sz\u00e1moz\u00e1s\u00fa csomagautomat\u00e1k)<br>8.5 cm x 19 cm x 61 cm (hu301-hu600 sz\u00e1moz\u00e1s\u00fa csomagautomat\u00e1k)<br>5 cm x 33 cm x 53 cm (hu601-hu1499 sz\u00e1moz\u00e1s\u00fa csomagautomat\u00e1k)<br>10,5 cm x 14,5 cm x 61 cm (hu1500-hu2000 sz\u00e1moz\u00e1s\u00fa csomagautomat\u00e1k) *<\/td><td>5kg<\/td><td>1890 Ft \/ 2400 Ft<\/td><\/tr><tr><td><strong>S<\/strong><\/td><td>11,5 cm x 36 cm x 61 cm<\/td><td>15kg<\/td><td>1890 Ft \/ 2400 Ft<\/td><\/tr><\/tbody><\/table><\/figure>\n<\/details>\n\n\n\n<p class=\"has-black-color has-text-color has-link-color wp-elements-d2b08efc2fd2a074d0deaf2928d6fbae\">A megadott m\u00e9reteket kiz\u00e1r\u00f3lag a csomag felad\u00e1sa sor\u00e1n kell figyelembe venni!<\/p>\n<\/div><\/div>\n\n\n\n<hr class=\"wp-block-separator has-alpha-channel-opacity\"\/>\n\n\n\n<div class=\"wp-block-media-text is-stacked-on-mobile\" style=\"grid-template-columns:15% auto\"><figure class=\"wp-block-media-text__media\"><img loading=\"lazy\" decoding=\"async\" width=\"60\" height=\"40\" src=\"https:\/\/herbalkincsei.hu\/wp-content\/uploads\/2025\/03\/mpl_1.png\" alt=\"\" class=\"wp-image-1350 size-full\"\/><\/figure><div class=\"wp-block-media-text__content\">\n<details class=\"wp-block-details has-black-color has-text-color has-link-color wp-elements-d884092a5d05dec3c3b4ce994f736cba is-layout-flow wp-block-details-is-layout-flow\"><summary>MPL kisz\u00e1ll\u00edt\u00e1s a Magyar Posta csomagsz\u00e1ll\u00edt\u00e1si szolg\u00e1ltat\u00e1s\u00e1val.<\/summary>\n<p class=\"has-black-color has-text-color has-link-color wp-elements-fc992a7367529c5675afd3d0cf3eecca\"><strong><em>0-10 kg-ig brutt\u00f3 1990 Ft\/db<\/em><\/strong><br><strong><em>10-20 kg-ig brutt\u00f3 2990 Ft\/db<\/em><\/strong><br><strong><em>20-40 kg-ig brutt\u00f3 5990 Ft\/db<\/em><\/strong><br><\/p>\n<\/details>\n<\/div><\/div>\n\n\n\n<hr class=\"wp-block-separator has-alpha-channel-opacity is-style-wide\"\/>\n\n\n\n<h2 class=\"wp-block-heading has-black-color has-text-color has-link-color wp-elements-b6fdd7bee62e3bea1f513880d9f52414\"><span class=\"wp-rich-text-font-awesome-icon wp-font-awesome-icon\"><svg aria-hidden=\"true\" focusable=\"false\" data-prefix=\"fas\" data-icon=\"building\" class=\"svg-inline--fa fa-building \" role=\"img\" xmlns=\"http:\/\/www.w3.org\/2000\/svg\" viewBox=\"0 0 384 512\" color=\"#0693e3\"><path fill=\"currentColor\" d=\"M48 0C21.5 0 0 21.5 0 48L0 464c0 26.5 21.5 48 48 48l96 0 0-80c0-26.5 21.5-48 48-48s48 21.5 48 48l0 80 96 0c26.5 0 48-21.5 48-48l0-416c0-26.5-21.5-48-48-48L48 0zM64 240c0-8.8 7.2-16 16-16l32 0c8.8 0 16 7.2 16 16l0 32c0 8.8-7.2 16-16 16l-32 0c-8.8 0-16-7.2-16-16l0-32zm112-16l32 0c8.8 0 16 7.2 16 16l0 32c0 8.8-7.2 16-16 16l-32 0c-8.8 0-16-7.2-16-16l0-32c0-8.8 7.2-16 16-16zm80 16c0-8.8 7.2-16 16-16l32 0c8.8 0 16 7.2 16 16l0 32c0 8.8-7.2 16-16 16l-32 0c-8.8 0-16-7.2-16-16l0-32zM80 96l32 0c8.8 0 16 7.2 16 16l0 32c0 8.8-7.2 16-16 16l-32 0c-8.8 0-16-7.2-16-16l0-32c0-8.8 7.2-16 16-16zm80 16c0-8.8 7.2-16 16-16l32 0c8.8 0 16 7.2 16 16l0 32c0 8.8-7.2 16-16 16l-32 0c-8.8 0-16-7.2-16-16l0-32zM272 96l32 0c8.8 0 16 7.2 16 16l0 32c0 8.8-7.2 16-16 16l-32 0c-8.8 0-16-7.2-16-16l0-32c0-8.8 7.2-16 16-16z\"><\/path><\/svg><\/span> <strong>Csomagautomata<\/strong>,<strong> csomagpont<\/strong><\/h2>\n\n\n\n<div class=\"wp-block-media-text is-stacked-on-mobile\" style=\"grid-template-columns:15% auto\"><figure class=\"wp-block-media-text__media\"><img loading=\"lazy\" decoding=\"async\" width=\"600\" height=\"600\" src=\"https:\/\/herbalkincsei.hu\/wp-content\/uploads\/2025\/03\/foxpost_logo_red.png\" alt=\"\" class=\"wp-image-1347 size-full\" srcset=\"https:\/\/herbalkincsei.hu\/wp-content\/uploads\/2025\/03\/foxpost_logo_red.png 600w, https:\/\/herbalkincsei.hu\/wp-content\/uploads\/2025\/03\/foxpost_logo_red-60x60.png 60w, https:\/\/herbalkincsei.hu\/wp-content\/uploads\/2025\/03\/foxpost_logo_red-300x300.png 300w, https:\/\/herbalkincsei.hu\/wp-content\/uploads\/2025\/03\/foxpost_logo_red-100x100.png 100w, https:\/\/herbalkincsei.hu\/wp-content\/uploads\/2025\/03\/foxpost_logo_red-150x150.png 150w\" sizes=\"auto, (max-width: 600px) 100vw, 600px\" \/><\/figure><div class=\"wp-block-media-text__content\">\n<details class=\"wp-block-details has-black-color has-text-color has-link-color wp-elements-31b7b5245b254c24a42b8c024ff7a6eb is-layout-flow wp-block-details-is-layout-flow\"><summary>Foxpost \u00e9s Pocketa csomagpont, csomagautomata<\/summary>\n<figure class=\"wp-block-table\"><table><thead><tr><th><strong>T\u00edpus<\/strong><\/th><th><strong>Maxi\u00adm\u00e1lis csomag\u00adm\u00e9ret<\/strong><\/th><th><strong>Maxi\u00adm\u00e1lis s\u00faly<\/strong><\/th><th><strong>Nett\u00f3 \u00e1r \/ Brutt\u00f3\u00e1r<\/strong><\/th><\/tr><\/thead><tbody><tr><td><strong>XS<\/strong><\/td><td>4.5 cm x 36 cm x 53 cm (hu001-hu300 sz\u00e1moz\u00e1s\u00fa csomagautomat\u00e1k)<br>8.5 cm x 19 cm x 61 cm (hu301-hu600 sz\u00e1moz\u00e1s\u00fa csomagautomat\u00e1k)<br>5 cm x 33 cm x 53 cm (hu601-hu1499 sz\u00e1moz\u00e1s\u00fa csomagautomat\u00e1k)<br>10,5 cm x 14,5 cm x 61 cm (hu1500-hu2000 sz\u00e1moz\u00e1s\u00fa csomagautomat\u00e1k) *<\/td><td>5kg<\/td><td>899 Ft \/ 1142 Ft<\/td><\/tr><tr><td><strong>S<\/strong><\/td><td>11,5 cm x 36 cm x 61 cm<\/td><td>15kg<\/td><td>899 Ft \/ 1142 Ft<\/td><\/tr><\/tbody><\/table><\/figure>\n<\/details>\n\n\n\n<p class=\"has-black-color has-text-color has-link-color wp-elements-b447e55246e631aa2e3ac1ab74a04819\">A megadott m\u00e9reteket kiz\u00e1r\u00f3lag a csomag felad\u00e1sa sor\u00e1n kell figyelembe venni!<br><\/p>\n<\/div><\/div>\n\n\n\n<hr class=\"wp-block-separator has-alpha-channel-opacity\"\/>\n\n\n\n<div class=\"wp-block-media-text is-stacked-on-mobile\" style=\"grid-template-columns:15% auto\"><figure class=\"wp-block-media-text__media\"><img loading=\"lazy\" decoding=\"async\" width=\"60\" height=\"40\" src=\"https:\/\/herbalkincsei.hu\/wp-content\/uploads\/2025\/03\/mpl_1.png\" alt=\"\" class=\"wp-image-1350 size-full\"\/><\/figure><div class=\"wp-block-media-text__content\">\n<details class=\"wp-block-details has-black-color has-text-color has-link-color wp-elements-e4bc3e1173406efa72de9820c4030e49 is-layout-flow wp-block-details-is-layout-flow\"><summary>MPL postapont: <\/summary>\n<p class=\"has-black-color has-text-color has-link-color wp-elements-33be5183f80348e49c5725df42ece48b\"><strong><em>Csomagautomat\u00e1ba, Posta Pontra vagy post\u00e1ra k\u00e9zbes\u00edtve: brutt\u00f3 990 Ft\/db<\/em><\/strong><br><br>300,- Ft Adminisztr\u00e1ci\u00f3s d\u00edj<\/p>\n<\/details>\n<\/div><\/div>\n","protected":false},"excerpt":{"rendered":"<p>H\u00e1zhoz sz\u00e1ll\u00edt\u00e1s Csomagautomata, csomagpont<\/p>\n","protected":false},"author":1,"featured_media":0,"parent":0,"menu_order":0,"comment_status":"closed","ping_status":"closed","template":"","meta":{"footnotes":""},"class_list":["post-1343","page","type-page","status-publish","hentry"],"yoast_head":"<!-- This site is optimized with the Yoast SEO plugin v27.4 - https:\/\/yoast.com\/product\/yoast-seo-wordpress\/ -->\n<title>Sz\u00e1ll\u00edt\u00e1s - Herb\u00e1lkincsei<\/title>\n<meta name=\"robots\" content=\"index, follow, max-snippet:-1, max-image-preview:large, max-video-preview:-1\" \/>\n<link rel=\"canonical\" href=\"https:\/\/herbalkincsei.hu\/index.php\/szallitas\/\" \/>\n<meta property=\"og:locale\" content=\"hu_HU\" \/>\n<meta property=\"og:type\" content=\"article\" \/>\n<meta property=\"og:title\" content=\"Sz\u00e1ll\u00edt\u00e1s - Herb\u00e1lkincsei\" \/>\n<meta property=\"og:description\" content=\"H\u00e1zhoz sz\u00e1ll\u00edt\u00e1s Csomagautomata, csomagpont\" \/>\n<meta property=\"og:url\" content=\"https:\/\/herbalkincsei.hu\/index.php\/szallitas\/\" \/>\n<meta property=\"og:site_name\" content=\"Herb\u00e1lkincsei\" \/>\n<meta property=\"article:modified_time\" content=\"2025-04-16T08:53:53+00:00\" \/>\n<meta property=\"og:image\" content=\"https:\/\/herbalkincsei.hu\/wp-content\/uploads\/2025\/03\/foxpost_logo_red.png?wsr\" \/>\n\t<meta property=\"og:image:width\" content=\"600\" \/>\n\t<meta property=\"og:image:height\" content=\"600\" \/>\n\t<meta property=\"og:image:type\" content=\"image\/png\" \/>\n<meta name=\"twitter:card\" content=\"summary_large_image\" \/>\n<meta name=\"twitter:label1\" content=\"Becs\u00fclt olvas\u00e1si id\u0151\" \/>\n\t<meta name=\"twitter:data1\" content=\"3 perc\" \/>\n<script type=\"application\/ld+json\" class=\"yoast-schema-graph\">{\"@context\":\"https:\\\/\\\/schema.org\",\"@graph\":[{\"@type\":\"WebPage\",\"@id\":\"https:\\\/\\\/herbalkincsei.hu\\\/index.php\\\/szallitas\\\/\",\"url\":\"https:\\\/\\\/herbalkincsei.hu\\\/index.php\\\/szallitas\\\/\",\"name\":\"Sz\u00e1ll\u00edt\u00e1s - Herb\u00e1lkincsei\",\"isPartOf\":{\"@id\":\"https:\\\/\\\/herbalkincsei.hu\\\/#website\"},\"primaryImageOfPage\":{\"@id\":\"https:\\\/\\\/herbalkincsei.hu\\\/index.php\\\/szallitas\\\/#primaryimage\"},\"image\":{\"@id\":\"https:\\\/\\\/herbalkincsei.hu\\\/index.php\\\/szallitas\\\/#primaryimage\"},\"thumbnailUrl\":\"https:\\\/\\\/herbalkincsei.hu\\\/wp-content\\\/uploads\\\/2025\\\/03\\\/foxpost_logo_red.png\",\"datePublished\":\"2025-03-31T12:13:00+00:00\",\"dateModified\":\"2025-04-16T08:53:53+00:00\",\"breadcrumb\":{\"@id\":\"https:\\\/\\\/herbalkincsei.hu\\\/index.php\\\/szallitas\\\/#breadcrumb\"},\"inLanguage\":\"hu\",\"potentialAction\":[{\"@type\":\"ReadAction\",\"target\":[\"https:\\\/\\\/herbalkincsei.hu\\\/index.php\\\/szallitas\\\/\"]}]},{\"@type\":\"ImageObject\",\"inLanguage\":\"hu\",\"@id\":\"https:\\\/\\\/herbalkincsei.hu\\\/index.php\\\/szallitas\\\/#primaryimage\",\"url\":\"https:\\\/\\\/herbalkincsei.hu\\\/wp-content\\\/uploads\\\/2025\\\/03\\\/foxpost_logo_red.png?wsr\",\"contentUrl\":\"https:\\\/\\\/herbalkincsei.hu\\\/wp-content\\\/uploads\\\/2025\\\/03\\\/foxpost_logo_red.png?wsr\",\"width\":600,\"height\":600},{\"@type\":\"BreadcrumbList\",\"@id\":\"https:\\\/\\\/herbalkincsei.hu\\\/index.php\\\/szallitas\\\/#breadcrumb\",\"itemListElement\":[{\"@type\":\"ListItem\",\"position\":1,\"name\":\"Kezd\u0151lap\",\"item\":\"https:\\\/\\\/herbalkincsei.hu\\\/\"},{\"@type\":\"ListItem\",\"position\":2,\"name\":\"Sz\u00e1ll\u00edt\u00e1s\"}]},{\"@type\":\"WebSite\",\"@id\":\"https:\\\/\\\/herbalkincsei.hu\\\/#website\",\"url\":\"https:\\\/\\\/herbalkincsei.hu\\\/\",\"name\":\"herbalkincsei.hu\",\"description\":\"Ahol az eg\u00e9szs\u00e9g a c\u00e9l.\",\"publisher\":{\"@id\":\"https:\\\/\\\/herbalkincsei.hu\\\/#organization\"},\"potentialAction\":[{\"@type\":\"SearchAction\",\"target\":{\"@type\":\"EntryPoint\",\"urlTemplate\":\"https:\\\/\\\/herbalkincsei.hu\\\/?s={search_term_string}\"},\"query-input\":{\"@type\":\"PropertyValueSpecification\",\"valueRequired\":true,\"valueName\":\"search_term_string\"}}],\"inLanguage\":\"hu\"},{\"@type\":\"Organization\",\"@id\":\"https:\\\/\\\/herbalkincsei.hu\\\/#organization\",\"name\":\"Herb\u00e1lkincsei\",\"url\":\"https:\\\/\\\/herbalkincsei.hu\\\/\",\"logo\":{\"@type\":\"ImageObject\",\"inLanguage\":\"hu\",\"@id\":\"https:\\\/\\\/herbalkincsei.hu\\\/#\\\/schema\\\/logo\\\/image\\\/\",\"url\":\"https:\\\/\\\/herbalkincsei.hu\\\/wp-content\\\/uploads\\\/2024\\\/02\\\/cropped-Green-Leaf-Aromatherapy-Logo-400-\u00d7-135-keppont.png?wsr\",\"contentUrl\":\"https:\\\/\\\/herbalkincsei.hu\\\/wp-content\\\/uploads\\\/2024\\\/02\\\/cropped-Green-Leaf-Aromatherapy-Logo-400-\u00d7-135-keppont.png?wsr\",\"width\":400,\"height\":135,\"caption\":\"Herb\u00e1lkincsei\"},\"image\":{\"@id\":\"https:\\\/\\\/herbalkincsei.hu\\\/#\\\/schema\\\/logo\\\/image\\\/\"}}]}<\/script>\n<!-- \/ Yoast SEO plugin. -->","yoast_head_json":{"title":"Sz\u00e1ll\u00edt\u00e1s - Herb\u00e1lkincsei","robots":{"index":"index","follow":"follow","max-snippet":"max-snippet:-1","max-image-preview":"max-image-preview:large","max-video-preview":"max-video-preview:-1"},"canonical":"https:\/\/herbalkincsei.hu\/index.php\/szallitas\/","og_locale":"hu_HU","og_type":"article","og_title":"Sz\u00e1ll\u00edt\u00e1s - Herb\u00e1lkincsei","og_description":"H\u00e1zhoz sz\u00e1ll\u00edt\u00e1s Csomagautomata, csomagpont","og_url":"https:\/\/herbalkincsei.hu\/index.php\/szallitas\/","og_site_name":"Herb\u00e1lkincsei","article_modified_time":"2025-04-16T08:53:53+00:00","og_image":[{"width":600,"height":600,"url":"https:\/\/herbalkincsei.hu\/wp-content\/uploads\/2025\/03\/foxpost_logo_red.png?wsr","type":"image\/png"}],"twitter_card":"summary_large_image","twitter_misc":{"Becs\u00fclt olvas\u00e1si id\u0151":"3 perc"},"schema":{"@context":"https:\/\/schema.org","@graph":[{"@type":"WebPage","@id":"https:\/\/herbalkincsei.hu\/index.php\/szallitas\/","url":"https:\/\/herbalkincsei.hu\/index.php\/szallitas\/","name":"Sz\u00e1ll\u00edt\u00e1s - Herb\u00e1lkincsei","isPartOf":{"@id":"https:\/\/herbalkincsei.hu\/#website"},"primaryImageOfPage":{"@id":"https:\/\/herbalkincsei.hu\/index.php\/szallitas\/#primaryimage"},"image":{"@id":"https:\/\/herbalkincsei.hu\/index.php\/szallitas\/#primaryimage"},"thumbnailUrl":"https:\/\/herbalkincsei.hu\/wp-content\/uploads\/2025\/03\/foxpost_logo_red.png","datePublished":"2025-03-31T12:13:00+00:00","dateModified":"2025-04-16T08:53:53+00:00","breadcrumb":{"@id":"https:\/\/herbalkincsei.hu\/index.php\/szallitas\/#breadcrumb"},"inLanguage":"hu","potentialAction":[{"@type":"ReadAction","target":["https:\/\/herbalkincsei.hu\/index.php\/szallitas\/"]}]},{"@type":"ImageObject","inLanguage":"hu","@id":"https:\/\/herbalkincsei.hu\/index.php\/szallitas\/#primaryimage","url":"https:\/\/herbalkincsei.hu\/wp-content\/uploads\/2025\/03\/foxpost_logo_red.png?wsr","contentUrl":"https:\/\/herbalkincsei.hu\/wp-content\/uploads\/2025\/03\/foxpost_logo_red.png?wsr","width":600,"height":600},{"@type":"BreadcrumbList","@id":"https:\/\/herbalkincsei.hu\/index.php\/szallitas\/#breadcrumb","itemListElement":[{"@type":"ListItem","position":1,"name":"Kezd\u0151lap","item":"https:\/\/herbalkincsei.hu\/"},{"@type":"ListItem","position":2,"name":"Sz\u00e1ll\u00edt\u00e1s"}]},{"@type":"WebSite","@id":"https:\/\/herbalkincsei.hu\/#website","url":"https:\/\/herbalkincsei.hu\/","name":"herbalkincsei.hu","description":"Ahol az eg\u00e9szs\u00e9g a c\u00e9l.","publisher":{"@id":"https:\/\/herbalkincsei.hu\/#organization"},"potentialAction":[{"@type":"SearchAction","target":{"@type":"EntryPoint","urlTemplate":"https:\/\/herbalkincsei.hu\/?s={search_term_string}"},"query-input":{"@type":"PropertyValueSpecification","valueRequired":true,"valueName":"search_term_string"}}],"inLanguage":"hu"},{"@type":"Organization","@id":"https:\/\/herbalkincsei.hu\/#organization","name":"Herb\u00e1lkincsei","url":"https:\/\/herbalkincsei.hu\/","logo":{"@type":"ImageObject","inLanguage":"hu","@id":"https:\/\/herbalkincsei.hu\/#\/schema\/logo\/image\/","url":"https:\/\/herbalkincsei.hu\/wp-content\/uploads\/2024\/02\/cropped-Green-Leaf-Aromatherapy-Logo-400-\u00d7-135-keppont.png?wsr","contentUrl":"https:\/\/herbalkincsei.hu\/wp-content\/uploads\/2024\/02\/cropped-Green-Leaf-Aromatherapy-Logo-400-\u00d7-135-keppont.png?wsr","width":400,"height":135,"caption":"Herb\u00e1lkincsei"},"image":{"@id":"https:\/\/herbalkincsei.hu\/#\/schema\/logo\/image\/"}}]}},"_links":{"self":[{"href":"https:\/\/herbalkincsei.hu\/index.php\/wp-json\/wp\/v2\/pages\/1343","targetHints":{"allow":["GET"]}}],"collection":[{"href":"https:\/\/herbalkincsei.hu\/index.php\/wp-json\/wp\/v2\/pages"}],"about":[{"href":"https:\/\/herbalkincsei.hu\/index.php\/wp-json\/wp\/v2\/types\/page"}],"author":[{"embeddable":true,"href":"https:\/\/herbalkincsei.hu\/index.php\/wp-json\/wp\/v2\/users\/1"}],"replies":[{"embeddable":true,"href":"https:\/\/herbalkincsei.hu\/index.php\/wp-json\/wp\/v2\/comments?post=1343"}],"version-history":[{"count":18,"href":"https:\/\/herbalkincsei.hu\/index.php\/wp-json\/wp\/v2\/pages\/1343\/revisions"}],"predecessor-version":[{"id":1463,"href":"https:\/\/herbalkincsei.hu\/index.php\/wp-json\/wp\/v2\/pages\/1343\/revisions\/1463"}],"wp:attachment":[{"href":"https:\/\/herbalkincsei.hu\/index.php\/wp-json\/wp\/v2\/media?parent=1343"}],"curies":[{"name":"wp","href":"https:\/\/api.w.org\/{rel}","templated":true}]}}